290 - 4). Let c = 116 - t. List the prime factors of c.
2, 3, 29
Let p = 1503 - -1535. List the prime factors of p.
2, 7, 31
Let w(z) = 7*z**2 - 2*z - 3. Let q(u) = 28*u**2 - 9*u - 12. Let b(l) = -4*q(l) + 18*w(l). Suppose -11*v - 4 - 18 = 0. What are the prime factors of b(v)?
2, 5
Suppose 1088 + 1344 = 3*m + 4*x, -3*m + 2452 = -x. Suppose m = z + 11*z. What are the prime factors of z?
2, 17
Suppose 3*n - 119 = 7. Suppose 64*c - n*c = 23826. What are the prime factors of c?
3, 19
Let i(a) = -11*a**3 - 6*a**2 + 92*a + 52. List the prime factors of i(-13).
13, 1693
Let x be 1*7/(-21) - 260/(-6). Suppose -5*k + 0*k + 515 = 0. Let d = k - x. List the prime factors of d.
2, 3, 5
Let i(c) = 5*c**2 - 37*c + 9. Let b(p) = -11*p**2 + 73*p - 19. Let l(q) = 2*b(q) + 5*i(q). What are the prime factors of l(18)?
277
What are the prime factors of -1 + ((-6)/(-54)*-6)/((-8)/666084)?
2, 3, 11, 29
Let a = 3026 - -11591. What are the prime factors of a?
47, 311
Let m be 197843/(-172) - 1/(-4). Let w = m + 2269. List the prime factors of w.
3, 373
Suppose k + 316 = -3*x, -5*x - 3*k = 599 - 75. Let l = -51 - x. List the prime factors of l + (-2)/2 + -1.
53
Let p = 21841 + -9510. What are the prime factors of p?
11, 19, 59
List the prime factors of (-36169339)/(-902) - 2/44.
40099
Suppose -3061 = -z + 230. Suppose -z + 1011 = -10*r. List the prime factors of r.
2, 3, 19
Suppose 0 = 161*p - 156*p + 4*s - 440107, 0 = -4*p + 5*s + 352143. List the prime factors of p.
19, 41, 113
Let n(y) = 8*y - 7*y + 3*y**3 - 2*y. Let h be n(1). Suppose -h = 3*q - 35. What are the prime factors of q?
11
Let m(u) = 3189*u - 5474. What are the prime factors of m(5)?
37, 283
Suppose x = 3*p - 11, 5*p = 2*p + 5*x + 19. Suppose -2070 = -p*h + 3*q - 6*q, 1405 = 2*h - 3*q. List the prime factors of h.
5, 139
Suppose 0*c - 5*c = -2065. Suppose -265*y + 253*y = -300. Suppose -y = 4*p - c. List the prime factors of p.
97
Let x be (-39830)/2 - 200/(-40). What are the prime factors of ((-12)/(-5))/((-44)/x)?
2, 3, 181
Let p(s) = 74*s**2 + 2*s - 1. Let o(q) = q**2 - 13*q + 2. Let y be o(12). Let i be y/(10/3) - 2/(-1). List the prime factors of p(i).
71
Suppose 1 + 1 = 2*b, -b + 5406 = -5*d. Let h = d - -1745. Suppose -8*g - h = -16*g. List the prime factors of g.
83
Suppose c = 9*d - 13*d + 33254, -4*c - 24950 = -3*d. What are the prime factors of d?
2, 4157
Let s(q) = q**3 + 11*q**2 - q - 110. Let j be s(-10). Suppose -3*p - 3*r = -p - 1079, -4*r + 12 = j. List the prime factors of p.
5, 107
Let q(o) = o**2 + 16*o + 21. Let t be q(-22). Let b = -102 + t. Let g = -49 + b. List the prime factors of g.
2
Let a(f) be the first derivative of -f**3/3 - 13*f**2/2 - 15*f + 13. Let l be a(-11). Let j = l + 11. List the prime factors of j.
2, 3
Suppose 9*a = 10*a - 2*z, 4*a = 4*z. Suppose a = f + 2*j - 685, 10*j - 11*j - 2704 = -4*f. What are the prime factors of f?
677
Let b(k) = 50 - 23 - 25 + 40*k. Let l = 0 + 3. List the prime factors of b(l).
2, 61
Let p(q) = -22 + 12*q + 2*q**3 + 67*q**2 + 0 + 18*q - 5*q. What are the prime factors of p(-33)?
2, 11
Suppose -33*g + 415217 = -261316. List the prime factors of g.
13, 19, 83
Suppose 2311*g - 2359*g = -390720. List the prime factors of g.
2, 5, 11, 37
Let k be 0 - -76 - (33 + -37). Let q be 114/(-9)*(k/5 + -4). Let o = -109 - q. What are the prime factors of o?
43
Suppose -66*o = -62*o - 4, 0 = 3*v + 4*o - 26056. What are the prime factors of v?
2, 13, 167
Suppose -2*q = -3*z + 41, -2*z = q - 6*q - 9. Suppose -21*d + 52 = -z*d. Suppose -138 = -d*f + 10*f. List the prime factors of f.
2, 23
Suppose -a + 219 = -3*f - 2*f, -f = 5*a + 23. Let s = -30 - f. Suppose 147 + 9 = s*v. What are the prime factors of v?
2, 3
Suppose 14*w = -14*w + 171332. What are the prime factors of w?
29, 211
Let f be (-30)/4*680/(-100). Suppose 58*t - 2849 = f*t. List the prime factors of t.
11, 37
Let l(c) = c**3 - 8*c**2 + 10*c + 6. Let t(g) = -g**2 + 2*g - 3. Let v be t(0). Let b be (v + 19)*(-2)/(-4). What are the prime factors of l(b)?
2, 43
Let p be (-28)/(-8) + -3 + 4143/6. Suppose 0 = 4*v - 549 - p. What are the prime factors of v?
2, 5, 31
Suppose 39*r = -9*r + 341376. What are the prime factors of r?
2, 7, 127
Let s be (-33)/(-44)*(0 + 4). Suppose 0 = -2*n - s*u + 3083, -n + 932 = -4*u - 593. List the prime factors of n.
29, 53
Let a(z) = z**3 - z**2 + 2*z + 1450. Let h be a(0). Suppose -4*c + h = c. What are the prime factors of c?
2, 5, 29
Let q be ((-3)/2)/((-42)/1148). Suppose -2*o + o = q. What are the prime factors of (-9 - o) + 2/(-1)?
2, 3, 5
Let m = -48 - 31. Let f = 158 - m. Suppose f = -3*y + 6*y. List the prime factors of y.
79
Suppose n - 2*t - 112 = -n, -3*n + 166 = -2*t. List the prime factors of -4 + 204/n + (-5456)/(-9).
2, 3, 101
Let n be 69*(52/130)/(12/10). Let v(d) = -d**3 + 23*d**2 + 37*d - 65. List the prime factors of v(n).
2, 3, 131
Suppose -4*c + 3*y = -58, 3*y = -c - 0*y + 7. Suppose 0 = -9*s + c*s - 520. Let r = -127 + s. What are the prime factors of r?
3
Suppose -i - 4*i = 165. Let j be (-2)/11 + 1083/i. Let r = j - -41. List the prime factors of r.
2
Suppose 0 = -2*d - s + 350, 3*d - 7*s = -3*s + 525. Let m = -113 + d. What are the prime factors of m?
2, 31
Let c(t) = -6*t**3 - 2*t**2 + 1. Let p be c(-1). Suppose -2*s + 37 - p = 0. Suppose -11*r + s*r - 365 = 0. What are the prime factors of r?
73
Let o(l) = -64*l**3 - 11*l**2 - 11*l - 41. List the prime factors of o(-5).
71, 109
Let w(h) = -h**3 + 17*h**2 - 16*h + 15. Let g be w(16). Suppose -g = -5*a - 75. Let z = 170 + a. What are the prime factors of z?
2, 79
Suppose 4*g + v - 1505 = 0, -751 = -g - g - v. Suppose -4*d - 2*u = -516, -13*d - 4*u + g = -10*d. What are the prime factors of d?
131
List the prime factors of 65/5*(3 + (306 + -3 - 1)).
5, 13, 61
Suppose b = 2*v - 1 + 7, 0 = -2*v - b + 2. What are the prime factors of (3 + -118)*v - 1?
2, 3, 19
Let g(p) = -3*p + 9. Let n be g(3). Let y be (-1)/(n + 3/(-12)). Suppose 67 = y*d - 3*d. What are the prime factors of d?
67
Let k(t) = -2*t - 198. Let m be k(24). Let x = -188 - m. List the prime factors of x.
2, 29
What are the prime factors of (805 - 784) + 0 + 53637?
2, 3, 11, 271
Suppose 198*z - 23*z = 65275. What are the prime factors of z?
373
Let p = -512 - -528. Suppose -23*a + p = -30. What are the prime factors of a?
2
List the prime factors of (4407/(-9))/((-15)/(78 + 12)).
2, 13, 113
Suppose 57*m - 93*m + 192240 = 0. List the prime factors of m.
2, 3, 5, 89
Let p(f) be the second derivative of f**4/12 + 3*f**3/2 + 89*f**2/2 - 176*f. What are the prime factors of p(-27)?
5, 23
Let a(b) = 2*b**2 - 33*b + 97. Let s be a(17). Suppose 137 = 4*c + y, -15*y + 18*y - s = -3*c. List the prime factors of c.
3, 11
Suppose -3*o + 30727 - 5589 = 4*v, v = -3*o + 25126. What are the prime factors of o?
2, 53, 79
Let o(b) = -2*b**3 + 8*b**2 + 2*b + 24. Let m be o(-5). Suppose 2*s - 247 = -q, -2*s = -q - q + m. What are the prime factors of q?
3, 79
List the prime factors of 9/5 + (-380666)/(-130) + -25.
5, 7, 83
Let v be 1 + (-18)/6*-1. Let i = 6 + -2. Suppose -o + 439 = i*g, v*g + 4*o - 451 = -o. List the prime factors of g.
109
Let p(t) = t - t**2 + 484 + 2*t**3 - 14*t + 5*t**2 + 12*t. What are the prime factors of p(0)?
2, 11
Let z(v) = 2*v**2 - 13*v - 9. Let p(b) = -b**2 + 12*b + 9. Let d(l) = -3*p(l) - 2*z(l). Let a be d(-13). List the prime factors of 3 - 0 - a/3.
19
Let l = 2300 - -12166. List the prime factors of l.
2, 3, 2411
Let u be (-15)/(-6)*((0 - -2) + 0). Suppose -n - 5*a = -u - 20, -3*n = -3*a - 21. Let w(s) = s**3 - 10*s**2 + 5*s - 5. What are the prime factors of w(n)?
3, 5
What are the prime factors of 1*(-26241)/(-24)*8?
8747
Let c = 339 - 337. What are the prime factors of 105*c*50/90*3?
2, 5, 7
What are the prime factors of 2583 + -6 + ((-4)/(-3) - (-8)/(-6))?
3, 859
Suppose -h + 9902 = -3*d, 3*d + 49546 = -11*h + 16*h. List the prime factors of h.
11, 17, 53
Let w be -5*((-183)/5 - -1). Let p(u) = -75*u + 3001. Let b be p(40). Let m = w - b. List the prime factors of m.
3, 59
Suppose -62054 = -g - 526*d + 529*d, -2*d + 248342 = 4*g. What are the prime factors of g?
62081
Suppose 4 = 11*m - 7. Suppose -w - h - 137 = 0, -7*w + 3*w - 593 = -5*h. What are the prime factors of w/(m - 3) - -4?
3, 5
Let u be 5*((-1728